{"id":13,"date":"2021-09-03T08:51:49","date_gmt":"2021-09-03T08:51:49","guid":{"rendered":"https:\/\/www.alquileresscratch.com\/?page_id=13"},"modified":"2022-02-17T08:14:25","modified_gmt":"2022-02-17T08:14:25","slug":"nuestros-vehiculos","status":"publish","type":"page","link":"https:\/\/www.alquileresscratch.com\/index.php\/nuestros-vehiculos\/","title":{"rendered":"Nuestros veh\u00edculos"},"content":{"rendered":"<div class=\"wp-bootstrap-blocks-container container mb-2\">\n\t<\/div>\n\n\n\n<div class=\"wp-block-group alignfull\"><div class=\"wp-block-group__inner-container is-layout-flow wp-block-group-is-layout-flow\">\n<div class=\"wp-block-columns is-layout-flex wp-container-core-columns-is-layout-9d6595d7 wp-block-columns-is-layout-flex\">\n<div class=\"wp-block-column is-layout-flow wp-block-column-is-layout-flow\">\n<div class=\"wp-block-image is-style-default\"><figure class=\"aligncenter size-full is-resized\"><a href=\"https:\/\/www.alquileresscratch.com\/index.php\/nuestros-vehiculos\/turismos\/\"><img loading=\"lazy\" decoding=\"async\" src=\"https:\/\/www.alquileresscratch.com\/wp-content\/uploads\/2021\/09\/Citroen_Elysee.png\" alt=\"\" class=\"wp-image-215\" width=\"214\" height=\"121\" srcset=\"https:\/\/www.alquileresscratch.com\/wp-content\/uploads\/2021\/09\/Citroen_Elysee.png 700w, https:\/\/www.alquileresscratch.com\/wp-content\/uploads\/2021\/09\/Citroen_Elysee-300x171.png 300w\" sizes=\"auto, (max-width: 214px) 100vw, 214px\" \/><\/a><\/figure><\/div>\n\n\n\n<h6 class=\"has-text-align-left wp-block-heading\" id=\"turismos-de-5-plazas\" style=\"font-size:26px\"><a href=\"https:\/\/www.alquileresscratch.com\/index.php\/nuestros-vehiculos\/turismos\/\">Turismos de 5 plazas<\/a><\/h6>\n\n\n\n<p>Disponemos de turismos de peque\u00f1o y medio tama\u00f1o.<\/p>\n\n\n\n<div class=\"wp-block-buttons is-vertical is-content-justification-left is-layout-flex wp-container-core-buttons-is-layout-aacc3761 wp-block-buttons-is-layout-flex\">\n<div class=\"wp-block-button has-custom-width wp-block-button__width-100 is-style-outline is-style-outline--1\"><a class=\"wp-block-button__link\">Ver veh\u00edculos<\/a><\/div>\n<\/div>\n<\/div>\n\n\n\n<div class=\"wp-block-column is-layout-flow wp-block-column-is-layout-flow\">\n<div class=\"wp-block-image is-style-default\"><figure class=\"aligncenter size-full is-resized\"><a href=\"https:\/\/www.alquileresscratch.com\/index.php\/nuestros-vehiculos\/furgonetas-de-9-plazas\/\"><img loading=\"lazy\" decoding=\"async\" src=\"https:\/\/www.alquileresscratch.com\/wp-content\/uploads\/2021\/09\/Opel_Vivaro.png\" alt=\"\" class=\"wp-image-217\" width=\"220\" height=\"125\" srcset=\"https:\/\/www.alquileresscratch.com\/wp-content\/uploads\/2021\/09\/Opel_Vivaro.png 700w, https:\/\/www.alquileresscratch.com\/wp-content\/uploads\/2021\/09\/Opel_Vivaro-300x171.png 300w\" sizes=\"auto, (max-width: 220px) 100vw, 220px\" \/><\/a><\/figure><\/div>\n\n\n\n<h6 class=\"has-text-align-left wp-block-heading\" id=\"furgonetas-de-9-plazas\" style=\"font-size:26px\"><a href=\"https:\/\/www.alquileresscratch.com\/index.php\/nuestros-vehiculos\/furgonetas-de-9-plazas\/\">Furgonetas de 9 plazas<\/a><\/h6>\n\n\n\n<p>Variedad de furgonetas de hasta 9 plazas.<\/p>\n\n\n\n<div class=\"wp-block-buttons is-layout-flex wp-block-buttons-is-layout-flex\">\n<div class=\"wp-block-button has-custom-width wp-block-button__width-100 is-style-outline is-style-outline--2\"><a class=\"wp-block-button__link\">Ver veh\u00edculos<\/a><\/div>\n<\/div>\n<\/div>\n\n\n\n<div class=\"wp-block-column is-layout-flow wp-block-column-is-layout-flow\">\n<div class=\"wp-block-image is-style-default\"><figure class=\"aligncenter size-full is-resized\"><a href=\"https:\/\/www.alquileresscratch.com\/index.php\/nuestros-vehiculos\/furgonetas-de-carga\/\"><img loading=\"lazy\" decoding=\"async\" src=\"https:\/\/www.alquileresscratch.com\/wp-content\/uploads\/2021\/09\/Renault_Master.png\" alt=\"\" class=\"wp-image-220\" width=\"231\" height=\"132\" srcset=\"https:\/\/www.alquileresscratch.com\/wp-content\/uploads\/2021\/09\/Renault_Master.png 700w, https:\/\/www.alquileresscratch.com\/wp-content\/uploads\/2021\/09\/Renault_Master-300x171.png 300w\" sizes=\"auto, (max-width: 231px) 100vw, 231px\" \/><\/a><\/figure><\/div>\n\n\n\n<h6 class=\"has-text-align-left wp-block-heading\" id=\"furgonetas-de-carga\" style=\"font-size:26px\"><a href=\"https:\/\/www.alquileresscratch.com\/index.php\/nuestros-vehiculos\/furgonetas-de-carga\/\">Furgonetas de carga<\/a><\/h6>\n\n\n\n<p>Furgonetas de peque\u00f1o, mediano y gran tama\u00f1o.<\/p>\n\n\n\n<div class=\"wp-block-buttons is-layout-flex wp-block-buttons-is-layout-flex\">\n<div class=\"wp-block-button has-custom-width wp-block-button__width-100 is-style-outline is-style-outline--3\"><a class=\"wp-block-button__link has-black-color has-text-color\" style=\"border-radius:100px\">Ver veh\u00edculos<\/a><\/div>\n<\/div>\n<\/div>\n<\/div>\n<\/div><\/div>\n\n\n\n<p><\/p>\n","protected":false},"excerpt":{"rendered":"<p>Turismos de 5 plazas Disponemos de turismos de peque\u00f1o y medio tama\u00f1o. Furgonetas de 9 plazas Variedad de furgonetas de hasta 9 plazas. Furgonetas de carga Furgonetas de peque\u00f1o, mediano y gran tama\u00f1o.<\/p>\n","protected":false},"author":2,"featured_media":0,"parent":0,"menu_order":0,"comment_status":"closed","ping_status":"closed","template":"","meta":{"_uag_custom_page_level_css":"","_monsterinsights_skip_tracking":false,"_monsterinsights_sitenote_active":false,"_monsterinsights_sitenote_note":"","_monsterinsights_sitenote_category":0,"footnotes":""},"class_list":["post-13","page","type-page","status-publish","hentry"],"uagb_featured_image_src":{"full":false,"thumbnail":false,"medium":false,"medium_large":false,"large":false,"1536x1536":false,"2048x2048":false,"twentyseventeen-featured-image":false,"twentyseventeen-thumbnail-avatar":false},"uagb_author_info":{"display_name":"Admin","author_link":"https:\/\/www.alquileresscratch.com\/index.php\/author\/admin\/"},"uagb_comment_info":0,"uagb_excerpt":"Turismos de 5 plazas Disponemos de turismos de peque\u00f1o y medio tama\u00f1o. Furgonetas de 9 plazas Variedad de furgonetas de hasta 9 plazas. Furgonetas de carga Furgonetas de peque\u00f1o, mediano y gran tama\u00f1o.","_links":{"self":[{"href":"https:\/\/www.alquileresscratch.com\/index.php\/wp-json\/wp\/v2\/pages\/13","targetHints":{"allow":["GET"]}}],"collection":[{"href":"https:\/\/www.alquileresscratch.com\/index.php\/wp-json\/wp\/v2\/pages"}],"about":[{"href":"https:\/\/www.alquileresscratch.com\/index.php\/wp-json\/wp\/v2\/types\/page"}],"author":[{"embeddable":true,"href":"https:\/\/www.alquileresscratch.com\/index.php\/wp-json\/wp\/v2\/users\/2"}],"replies":[{"embeddable":true,"href":"https:\/\/www.alquileresscratch.com\/index.php\/wp-json\/wp\/v2\/comments?post=13"}],"version-history":[{"count":50,"href":"https:\/\/www.alquileresscratch.com\/index.php\/wp-json\/wp\/v2\/pages\/13\/revisions"}],"predecessor-version":[{"id":316,"href":"https:\/\/www.alquileresscratch.com\/index.php\/wp-json\/wp\/v2\/pages\/13\/revisions\/316"}],"wp:attachment":[{"href":"https:\/\/www.alquileresscratch.com\/index.php\/wp-json\/wp\/v2\/media?parent=13"}],"curies":[{"name":"wp","href":"https:\/\/api.w.org\/{rel}","templated":true}]}}